{"id":53,"date":"2019-11-07T08:15:22","date_gmt":"2019-11-07T08:15:22","guid":{"rendered":"http:\/\/xn--freilichtbhne-hannmnden-lpcj.de\/?page_id=53"},"modified":"2025-08-16T09:30:54","modified_gmt":"2025-08-16T09:30:54","slug":"meilensteine-seit-der-wiederbelebung","status":"publish","type":"page","link":"https:\/\/xn--freilichtbhne-hannmnden-lpcj.de\/?page_id=53","title":{"rendered":"Meilensteine seit der Wiederbelebung"},"content":{"rendered":"\n<p><strong>Meilensteine seit der Wiederbelebung<\/strong><\/p>\n\n\n<div class=\"wp-block-image\">\n<figure class=\"aligncenter size-medium\"><img loading=\"lazy\" decoding=\"async\" width=\"300\" height=\"300\" src=\"https:\/\/xn--freilichtbhne-hannmnden-lpcj.de\/wp-content\/uploads\/2025\/08\/d2be9e04-6e19-412c-ba9e-7583fa7e767e-300x300.jpeg\" alt=\"\" class=\"wp-image-1748\" srcset=\"https:\/\/xn--freilichtbhne-hannmnden-lpcj.de\/wp-content\/uploads\/2025\/08\/d2be9e04-6e19-412c-ba9e-7583fa7e767e-300x300.jpeg 300w, https:\/\/xn--freilichtbhne-hannmnden-lpcj.de\/wp-content\/uploads\/2025\/08\/d2be9e04-6e19-412c-ba9e-7583fa7e767e-150x150.jpeg 150w, https:\/\/xn--freilichtbhne-hannmnden-lpcj.de\/wp-content\/uploads\/2025\/08\/d2be9e04-6e19-412c-ba9e-7583fa7e767e-768x768.jpeg 768w, https:\/\/xn--freilichtbhne-hannmnden-lpcj.de\/wp-content\/uploads\/2025\/08\/d2be9e04-6e19-412c-ba9e-7583fa7e767e-100x100.jpeg 100w, https:\/\/xn--freilichtbhne-hannmnden-lpcj.de\/wp-content\/uploads\/2025\/08\/d2be9e04-6e19-412c-ba9e-7583fa7e767e.jpeg 1024w\" sizes=\"auto, (max-width: 300px) 100vw, 300px\" \/><\/figure><\/div>\n\n\n<p class=\"has-cyan-bluish-gray-background-color has-background\">Weitere Verbesserungen sind bereits in Planung!<br>Das Freilichtb\u00fchnen-Team<\/p>\n\n\n\n<p class=\"has-cyan-bluish-gray-background-color has-background\">Im Herbst 2020 wurde der Trib\u00fcnenrang ausgebaut<\/p>\n\n\n\n<figure class=\"wp-block-gallery has-nested-images columns-default is-cropped wp-block-gallery-1 is-layout-flex wp-block-gallery-is-layout-flex\">\n<figure class=\"wp-block-image size-large\"><img loading=\"lazy\" decoding=\"async\" width=\"1024\" height=\"768\" data-id=\"800\" src=\"https:\/\/xn--freilichtbhne-hannmnden-lpcj.de\/wp-content\/uploads\/2021\/02\/Ausbau2020-11-1024x768.jpg\" alt=\"\" class=\"wp-image-800\" srcset=\"https:\/\/xn--freilichtbhne-hannmnden-lpcj.de\/wp-content\/uploads\/2021\/02\/Ausbau2020-11-1024x768.jpg 1024w, https:\/\/xn--freilichtbhne-hannmnden-lpcj.de\/wp-content\/uploads\/2021\/02\/Ausbau2020-11-300x225.jpg 300w, https:\/\/xn--freilichtbhne-hannmnden-lpcj.de\/wp-content\/uploads\/2021\/02\/Ausbau2020-11-768x576.jpg 768w, https:\/\/xn--freilichtbhne-hannmnden-lpcj.de\/wp-content\/uploads\/2021\/02\/Ausbau2020-11-1536x1152.jpg 1536w, https:\/\/xn--freilichtbhne-hannmnden-lpcj.de\/wp-content\/uploads\/2021\/02\/Ausbau2020-11-2048x1536.jpg 2048w\" sizes=\"auto, (max-width: 767px) 89vw, (max-width: 1000px) 54vw, (max-width: 1071px) 543px, 580px\" \/><\/figure>\n\n\n\n<figure class=\"wp-block-image size-large\"><img loading=\"lazy\" decoding=\"async\" width=\"1024\" height=\"768\" data-id=\"799\" src=\"https:\/\/xn--freilichtbhne-hannmnden-lpcj.de\/wp-content\/uploads\/2021\/02\/Ausbau2020-10-1024x768.jpg\" alt=\"\" class=\"wp-image-799\" srcset=\"https:\/\/xn--freilichtbhne-hannmnden-lpcj.de\/wp-content\/uploads\/2021\/02\/Ausbau2020-10-1024x768.jpg 1024w, https:\/\/xn--freilichtbhne-hannmnden-lpcj.de\/wp-content\/uploads\/2021\/02\/Ausbau2020-10-300x225.jpg 300w, https:\/\/xn--freilichtbhne-hannmnden-lpcj.de\/wp-content\/uploads\/2021\/02\/Ausbau2020-10-768x576.jpg 768w, https:\/\/xn--freilichtbhne-hannmnden-lpcj.de\/wp-content\/uploads\/2021\/02\/Ausbau2020-10-1536x1152.jpg 1536w, https:\/\/xn--freilichtbhne-hannmnden-lpcj.de\/wp-content\/uploads\/2021\/02\/Ausbau2020-10-2048x1536.jpg 2048w\" sizes=\"auto, (max-width: 767px) 89vw, (max-width: 1000px) 54vw, (max-width: 1071px) 543px, 580px\" \/><\/figure>\n\n\n\n<figure class=\"wp-block-image size-large\"><img loading=\"lazy\" decoding=\"async\" width=\"1024\" height=\"768\" data-id=\"798\" src=\"https:\/\/xn--freilichtbhne-hannmnden-lpcj.de\/wp-content\/uploads\/2021\/02\/Ausbau2020-9-1024x768.jpg\" alt=\"\" class=\"wp-image-798\" srcset=\"https:\/\/xn--freilichtbhne-hannmnden-lpcj.de\/wp-content\/uploads\/2021\/02\/Ausbau2020-9-1024x768.jpg 1024w, https:\/\/xn--freilichtbhne-hannmnden-lpcj.de\/wp-content\/uploads\/2021\/02\/Ausbau2020-9-300x225.jpg 300w, https:\/\/xn--freilichtbhne-hannmnden-lpcj.de\/wp-content\/uploads\/2021\/02\/Ausbau2020-9-768x576.jpg 768w, https:\/\/xn--freilichtbhne-hannmnden-lpcj.de\/wp-content\/uploads\/2021\/02\/Ausbau2020-9-1536x1152.jpg 1536w, https:\/\/xn--freilichtbhne-hannmnden-lpcj.de\/wp-content\/uploads\/2021\/02\/Ausbau2020-9-2048x1536.jpg 2048w\" sizes=\"auto, (max-width: 767px) 89vw, (max-width: 1000px) 54vw, (max-width: 1071px) 543px, 580px\" \/><\/figure>\n\n\n\n<figure class=\"wp-block-image size-large\"><img loading=\"lazy\" decoding=\"async\" width=\"1024\" height=\"768\" data-id=\"797\" src=\"https:\/\/xn--freilichtbhne-hannmnden-lpcj.de\/wp-content\/uploads\/2021\/02\/Ausbau2020-8-1024x768.jpg\" alt=\"\" class=\"wp-image-797\" srcset=\"https:\/\/xn--freilichtbhne-hannmnden-lpcj.de\/wp-content\/uploads\/2021\/02\/Ausbau2020-8-1024x768.jpg 1024w, https:\/\/xn--freilichtbhne-hannmnden-lpcj.de\/wp-content\/uploads\/2021\/02\/Ausbau2020-8-300x225.jpg 300w, https:\/\/xn--freilichtbhne-hannmnden-lpcj.de\/wp-content\/uploads\/2021\/02\/Ausbau2020-8-768x576.jpg 768w, https:\/\/xn--freilichtbhne-hannmnden-lpcj.de\/wp-content\/uploads\/2021\/02\/Ausbau2020-8-1536x1152.jpg 1536w, https:\/\/xn--freilichtbhne-hannmnden-lpcj.de\/wp-content\/uploads\/2021\/02\/Ausbau2020-8-2048x1536.jpg 2048w\" sizes=\"auto, (max-width: 767px) 89vw, (max-width: 1000px) 54vw, (max-width: 1071px) 543px, 580px\" \/><\/figure>\n\n\n\n<figure class=\"wp-block-image size-large\"><img loading=\"lazy\" decoding=\"async\" width=\"1024\" height=\"768\" data-id=\"796\" src=\"https:\/\/xn--freilichtbhne-hannmnden-lpcj.de\/wp-content\/uploads\/2021\/02\/Ausbau2020-7-1024x768.jpg\" alt=\"\" class=\"wp-image-796\" srcset=\"https:\/\/xn--freilichtbhne-hannmnden-lpcj.de\/wp-content\/uploads\/2021\/02\/Ausbau2020-7-1024x768.jpg 1024w, https:\/\/xn--freilichtbhne-hannmnden-lpcj.de\/wp-content\/uploads\/2021\/02\/Ausbau2020-7-300x225.jpg 300w, https:\/\/xn--freilichtbhne-hannmnden-lpcj.de\/wp-content\/uploads\/2021\/02\/Ausbau2020-7-768x576.jpg 768w, https:\/\/xn--freilichtbhne-hannmnden-lpcj.de\/wp-content\/uploads\/2021\/02\/Ausbau2020-7-1536x1152.jpg 1536w, https:\/\/xn--freilichtbhne-hannmnden-lpcj.de\/wp-content\/uploads\/2021\/02\/Ausbau2020-7-2048x1536.jpg 2048w\" sizes=\"auto, (max-width: 767px) 89vw, (max-width: 1000px) 54vw, (max-width: 1071px) 543px, 580px\" \/><\/figure>\n\n\n\n<figure class=\"wp-block-image size-large\"><img loading=\"lazy\" decoding=\"async\" width=\"1024\" height=\"768\" data-id=\"795\" src=\"https:\/\/xn--freilichtbhne-hannmnden-lpcj.de\/wp-content\/uploads\/2021\/02\/Ausbau2020-6-1024x768.jpg\" alt=\"\" class=\"wp-image-795\" srcset=\"https:\/\/xn--freilichtbhne-hannmnden-lpcj.de\/wp-content\/uploads\/2021\/02\/Ausbau2020-6-1024x768.jpg 1024w, https:\/\/xn--freilichtbhne-hannmnden-lpcj.de\/wp-content\/uploads\/2021\/02\/Ausbau2020-6-300x225.jpg 300w, https:\/\/xn--freilichtbhne-hannmnden-lpcj.de\/wp-content\/uploads\/2021\/02\/Ausbau2020-6-768x576.jpg 768w, https:\/\/xn--freilichtbhne-hannmnden-lpcj.de\/wp-content\/uploads\/2021\/02\/Ausbau2020-6-1536x1152.jpg 1536w, https:\/\/xn--freilichtbhne-hannmnden-lpcj.de\/wp-content\/uploads\/2021\/02\/Ausbau2020-6-2048x1536.jpg 2048w\" sizes=\"auto, (max-width: 767px) 89vw, (max-width: 1000px) 54vw, (max-width: 1071px) 543px, 580px\" \/><\/figure>\n\n\n\n<figure class=\"wp-block-image size-large\"><img loading=\"lazy\" decoding=\"async\" width=\"1024\" height=\"768\" data-id=\"794\" src=\"https:\/\/xn--freilichtbhne-hannmnden-lpcj.de\/wp-content\/uploads\/2021\/02\/Ausbau2020-5-1024x768.jpg\" alt=\"\" class=\"wp-image-794\" srcset=\"https:\/\/xn--freilichtbhne-hannmnden-lpcj.de\/wp-content\/uploads\/2021\/02\/Ausbau2020-5-1024x768.jpg 1024w, https:\/\/xn--freilichtbhne-hannmnden-lpcj.de\/wp-content\/uploads\/2021\/02\/Ausbau2020-5-300x225.jpg 300w, https:\/\/xn--freilichtbhne-hannmnden-lpcj.de\/wp-content\/uploads\/2021\/02\/Ausbau2020-5-768x576.jpg 768w, https:\/\/xn--freilichtbhne-hannmnden-lpcj.de\/wp-content\/uploads\/2021\/02\/Ausbau2020-5-1536x1152.jpg 1536w, https:\/\/xn--freilichtbhne-hannmnden-lpcj.de\/wp-content\/uploads\/2021\/02\/Ausbau2020-5-2048x1536.jpg 2048w\" sizes=\"auto, (max-width: 767px) 89vw, (max-width: 1000px) 54vw, (max-width: 1071px) 543px, 580px\" \/><\/figure>\n\n\n\n<figure class=\"wp-block-image size-large\"><img loading=\"lazy\" decoding=\"async\" width=\"1024\" height=\"768\" data-id=\"793\" src=\"https:\/\/xn--freilichtbhne-hannmnden-lpcj.de\/wp-content\/uploads\/2021\/02\/Ausbau2020-4-1024x768.jpg\" alt=\"\" class=\"wp-image-793\" srcset=\"https:\/\/xn--freilichtbhne-hannmnden-lpcj.de\/wp-content\/uploads\/2021\/02\/Ausbau2020-4-1024x768.jpg 1024w, https:\/\/xn--freilichtbhne-hannmnden-lpcj.de\/wp-content\/uploads\/2021\/02\/Ausbau2020-4-300x225.jpg 300w, https:\/\/xn--freilichtbhne-hannmnden-lpcj.de\/wp-content\/uploads\/2021\/02\/Ausbau2020-4-768x576.jpg 768w, https:\/\/xn--freilichtbhne-hannmnden-lpcj.de\/wp-content\/uploads\/2021\/02\/Ausbau2020-4-1536x1152.jpg 1536w, https:\/\/xn--freilichtbhne-hannmnden-lpcj.de\/wp-content\/uploads\/2021\/02\/Ausbau2020-4-2048x1536.jpg 2048w\" sizes=\"auto, (max-width: 767px) 89vw, (max-width: 1000px) 54vw, (max-width: 1071px) 543px, 580px\" \/><\/figure>\n\n\n\n<figure class=\"wp-block-image size-large\"><img loading=\"lazy\" decoding=\"async\" width=\"1024\" height=\"768\" data-id=\"792\" src=\"https:\/\/xn--freilichtbhne-hannmnden-lpcj.de\/wp-content\/uploads\/2021\/02\/Ausbau2020-3-1024x768.jpg\" alt=\"\" class=\"wp-image-792\" srcset=\"https:\/\/xn--freilichtbhne-hannmnden-lpcj.de\/wp-content\/uploads\/2021\/02\/Ausbau2020-3-1024x768.jpg 1024w, https:\/\/xn--freilichtbhne-hannmnden-lpcj.de\/wp-content\/uploads\/2021\/02\/Ausbau2020-3-300x225.jpg 300w, https:\/\/xn--freilichtbhne-hannmnden-lpcj.de\/wp-content\/uploads\/2021\/02\/Ausbau2020-3-768x576.jpg 768w, https:\/\/xn--freilichtbhne-hannmnden-lpcj.de\/wp-content\/uploads\/2021\/02\/Ausbau2020-3-1536x1152.jpg 1536w, https:\/\/xn--freilichtbhne-hannmnden-lpcj.de\/wp-content\/uploads\/2021\/02\/Ausbau2020-3-2048x1536.jpg 2048w\" sizes=\"auto, (max-width: 767px) 89vw, (max-width: 1000px) 54vw, (max-width: 1071px) 543px, 580px\" \/><\/figure>\n<\/figure>\n\n\n\n<p class=\"has-very-light-gray-background-color has-background\">Im Fr\u00fchjahr&nbsp;<strong>2019<\/strong>&nbsp;wurde dann noch eine neue, gr\u00f6\u00dfere Ausschankh\u00fctte aufgebaut.&nbsp;<\/p>\n\n\n<div class=\"wp-block-image\">\n<figure class=\"alignleft\"><img loading=\"lazy\" decoding=\"async\" width=\"1024\" height=\"576\" src=\"https:\/\/xn--freilichtbhne-hannmnden-lpcj.de\/wp-content\/uploads\/2019\/11\/07-1024x576.jpg\" alt=\"\" class=\"wp-image-425\" srcset=\"https:\/\/xn--freilichtbhne-hannmnden-lpcj.de\/wp-content\/uploads\/2019\/11\/07-1024x576.jpg 1024w, https:\/\/xn--freilichtbhne-hannmnden-lpcj.de\/wp-content\/uploads\/2019\/11\/07-300x169.jpg 300w, https:\/\/xn--freilichtbhne-hannmnden-lpcj.de\/wp-content\/uploads\/2019\/11\/07-768x432.jpg 768w, https:\/\/xn--freilichtbhne-hannmnden-lpcj.de\/wp-content\/uploads\/2019\/11\/07.jpg 1080w\" sizes=\"auto, (max-width: 767px) 89vw, (max-width: 1000px) 54vw, (max-width: 1071px) 543px, 580px\" \/><figcaption class=\"wp-element-caption\">Neue  H\u00fctte<\/figcaption><\/figure><\/div>\n\n<div class=\"wp-block-image\">\n<figure class=\"aligncenter\"><img loading=\"lazy\" decoding=\"async\" width=\"1024\" height=\"576\" src=\"https:\/\/xn--freilichtbhne-hannmnden-lpcj.de\/wp-content\/uploads\/2019\/11\/15-1024x576.jpg\" alt=\"\" class=\"wp-image-426\" srcset=\"https:\/\/xn--freilichtbhne-hannmnden-lpcj.de\/wp-content\/uploads\/2019\/11\/15-1024x576.jpg 1024w, https:\/\/xn--freilichtbhne-hannmnden-lpcj.de\/wp-content\/uploads\/2019\/11\/15-300x169.jpg 300w, https:\/\/xn--freilichtbhne-hannmnden-lpcj.de\/wp-content\/uploads\/2019\/11\/15-768x432.jpg 768w, https:\/\/xn--freilichtbhne-hannmnden-lpcj.de\/wp-content\/uploads\/2019\/11\/15.jpg 1080w\" sizes=\"auto, (max-width: 767px) 89vw, (max-width: 1000px) 54vw, (max-width: 1071px) 543px, 580px\" \/><\/figure><\/div>\n\n\n<figure class=\"wp-block-image\"><img loading=\"lazy\" decoding=\"async\" width=\"614\" height=\"1024\" src=\"https:\/\/xn--freilichtbhne-hannmnden-lpcj.de\/wp-content\/uploads\/2019\/11\/19-614x1024.jpg\" alt=\"\" class=\"wp-image-427\" srcset=\"https:\/\/xn--freilichtbhne-hannmnden-lpcj.de\/wp-content\/uploads\/2019\/11\/19-614x1024.jpg 614w, https:\/\/xn--freilichtbhne-hannmnden-lpcj.de\/wp-content\/uploads\/2019\/11\/19-180x300.jpg 180w, https:\/\/xn--freilichtbhne-hannmnden-lpcj.de\/wp-content\/uploads\/2019\/11\/19.jpg 768w\" sizes=\"auto, (max-width: 614px) 100vw, 614px\" \/><\/figure>\n\n\n<div class=\"wp-block-image\">\n<figure class=\"alignleft\"><img loading=\"lazy\" decoding=\"async\" width=\"1024\" height=\"576\" src=\"https:\/\/xn--freilichtbhne-hannmnden-lpcj.de\/wp-content\/uploads\/2019\/11\/32-1024x576.jpg\" alt=\"\" class=\"wp-image-429\" srcset=\"https:\/\/xn--freilichtbhne-hannmnden-lpcj.de\/wp-content\/uploads\/2019\/11\/32-1024x576.jpg 1024w, https:\/\/xn--freilichtbhne-hannmnden-lpcj.de\/wp-content\/uploads\/2019\/11\/32-300x169.jpg 300w, https:\/\/xn--freilichtbhne-hannmnden-lpcj.de\/wp-content\/uploads\/2019\/11\/32-768x432.jpg 768w, https:\/\/xn--freilichtbhne-hannmnden-lpcj.de\/wp-content\/uploads\/2019\/11\/32.jpg 1080w\" sizes=\"auto, (max-width: 767px) 89vw, (max-width: 1000px) 54vw, (max-width: 1071px) 543px, 580px\" \/><\/figure><\/div>\n\n<div class=\"wp-block-image\">\n<figure class=\"aligncenter\"><img loading=\"lazy\" decoding=\"async\" width=\"1024\" height=\"576\" src=\"https:\/\/xn--freilichtbhne-hannmnden-lpcj.de\/wp-content\/uploads\/2019\/11\/63-1024x576.jpg\" alt=\"\" class=\"wp-image-430\" srcset=\"https:\/\/xn--freilichtbhne-hannmnden-lpcj.de\/wp-content\/uploads\/2019\/11\/63-1024x576.jpg 1024w, https:\/\/xn--freilichtbhne-hannmnden-lpcj.de\/wp-content\/uploads\/2019\/11\/63-300x169.jpg 300w, https:\/\/xn--freilichtbhne-hannmnden-lpcj.de\/wp-content\/uploads\/2019\/11\/63-768x432.jpg 768w, https:\/\/xn--freilichtbhne-hannmnden-lpcj.de\/wp-content\/uploads\/2019\/11\/63.jpg 1080w\" sizes=\"auto, (max-width: 767px) 89vw, (max-width: 1000px) 54vw, (max-width: 1071px) 543px, 580px\" \/><\/figure><\/div>\n\n\n<figure class=\"wp-block-image\"><img loading=\"lazy\" decoding=\"async\" width=\"1024\" height=\"576\" src=\"https:\/\/xn--freilichtbhne-hannmnden-lpcj.de\/wp-content\/uploads\/2019\/11\/78-1024x576.jpg\" alt=\"\" class=\"wp-image-432\" srcset=\"https:\/\/xn--freilichtbhne-hannmnden-lpcj.de\/wp-content\/uploads\/2019\/11\/78-1024x576.jpg 1024w, https:\/\/xn--freilichtbhne-hannmnden-lpcj.de\/wp-content\/uploads\/2019\/11\/78-300x169.jpg 300w, https:\/\/xn--freilichtbhne-hannmnden-lpcj.de\/wp-content\/uploads\/2019\/11\/78-768x432.jpg 768w, https:\/\/xn--freilichtbhne-hannmnden-lpcj.de\/wp-content\/uploads\/2019\/11\/78.jpg 1080w\" sizes=\"auto, (max-width: 767px) 89vw, (max-width: 1000px) 54vw, (max-width: 1071px) 543px, 580px\" \/><\/figure>\n\n\n\n<p><\/p>\n\n\n\n<p class=\"has-very-light-gray-background-color has-background\">Im Jahr <strong>2018<\/strong> konnten wir Dank einiger neu in den Verein eingetretenen, tatkr\u00e4ftiger Vereinsmitglieder dann alle kaputten und fehlenden B\u00e4nke instand setzen und eine Beleuchtung der Zuschauertrib\u00fcnen und dem Waldweg zwischen Parkplatz und B\u00fchne installieren.&nbsp;<\/p>\n\n\n\n<figure class=\"wp-block-image\"><img loading=\"lazy\" decoding=\"async\" width=\"1024\" height=\"576\" src=\"https:\/\/xn--freilichtbhne-hannmnden-lpcj.de\/wp-content\/uploads\/2019\/11\/Beleuchtung_03-1024x576.jpg\" alt=\"\" class=\"wp-image-441\" srcset=\"https:\/\/xn--freilichtbhne-hannmnden-lpcj.de\/wp-content\/uploads\/2019\/11\/Beleuchtung_03-1024x576.jpg 1024w, https:\/\/xn--freilichtbhne-hannmnden-lpcj.de\/wp-content\/uploads\/2019\/11\/Beleuchtung_03-300x169.jpg 300w, https:\/\/xn--freilichtbhne-hannmnden-lpcj.de\/wp-content\/uploads\/2019\/11\/Beleuchtung_03-768x432.jpg 768w\" sizes=\"auto, (max-width: 767px) 89vw, (max-width: 1000px) 54vw, (max-width: 1071px) 543px, 580px\" \/><\/figure>\n\n\n\n<figure class=\"wp-block-image\"><img loading=\"lazy\" decoding=\"async\" width=\"1024\" height=\"576\" src=\"https:\/\/xn--freilichtbhne-hannmnden-lpcj.de\/wp-content\/uploads\/2019\/11\/Beleuchtung_02-1024x576.jpg\" alt=\"\" class=\"wp-image-440\" srcset=\"https:\/\/xn--freilichtbhne-hannmnden-lpcj.de\/wp-content\/uploads\/2019\/11\/Beleuchtung_02-1024x576.jpg 1024w, https:\/\/xn--freilichtbhne-hannmnden-lpcj.de\/wp-content\/uploads\/2019\/11\/Beleuchtung_02-300x169.jpg 300w, https:\/\/xn--freilichtbhne-hannmnden-lpcj.de\/wp-content\/uploads\/2019\/11\/Beleuchtung_02-768x432.jpg 768w\" sizes=\"auto, (max-width: 767px) 89vw, (max-width: 1000px) 54vw, (max-width: 1071px) 543px, 580px\" \/><\/figure>\n\n\n\n<figure class=\"wp-block-image\"><img loading=\"lazy\" decoding=\"async\" width=\"1024\" height=\"576\" src=\"https:\/\/xn--freilichtbhne-hannmnden-lpcj.de\/wp-content\/uploads\/2019\/11\/Beleuchtung_01-1024x576.jpg\" alt=\"\" class=\"wp-image-439\" srcset=\"https:\/\/xn--freilichtbhne-hannmnden-lpcj.de\/wp-content\/uploads\/2019\/11\/Beleuchtung_01-1024x576.jpg 1024w, https:\/\/xn--freilichtbhne-hannmnden-lpcj.de\/wp-content\/uploads\/2019\/11\/Beleuchtung_01-300x169.jpg 300w, https:\/\/xn--freilichtbhne-hannmnden-lpcj.de\/wp-content\/uploads\/2019\/11\/Beleuchtung_01-768x432.jpg 768w\" sizes=\"auto, (max-width: 767px) 89vw, (max-width: 1000px) 54vw, (max-width: 1071px) 543px, 580px\" \/><\/figure>\n\n\n\n<p class=\"has-very-light-gray-background-color has-background\">Im Jahr&nbsp;<strong>2016<\/strong>&nbsp;erhielten wir v\u00f6llig \u00fcberraschend einen neuen B\u00fchnenboden von der Firma Eaton in Hann. M\u00fcnden gespendet. Das freute uns sehr, denn die alte Beplankung fing schon an vielen Stellen an zu zerfallen. Mit vielen freiwilligen Helfern, unter anderen auch Mitarbeiter der Firma Eaton, wurde die alte B\u00fchne abgebaut und die neue aufgebaut.<br><strong>Das war ein Grund zum Feiern!<\/strong><br>Deshalb feierten wir die erneute Wiederbelebung der Freilichtb\u00fchne Tannenkamp mit Musik und Tanz, Gegrilltem, Gek\u00fchltem und speziellem Essen am&nbsp;<strong>16.10.2016 ab 16.00 Uhr!&nbsp;<\/strong><br>Jeder Gast war uns willkommen.&nbsp;<\/p>\n\n\n\n<figure class=\"wp-block-image\"><img loading=\"lazy\" decoding=\"async\" width=\"1024\" height=\"576\" src=\"https:\/\/xn--freilichtbhne-hannmnden-lpcj.de\/wp-content\/uploads\/2019\/11\/Aufbau_01-1024x576.jpg\" alt=\"\" class=\"wp-image-435\" srcset=\"https:\/\/xn--freilichtbhne-hannmnden-lpcj.de\/wp-content\/uploads\/2019\/11\/Aufbau_01-1024x576.jpg 1024w, https:\/\/xn--freilichtbhne-hannmnden-lpcj.de\/wp-content\/uploads\/2019\/11\/Aufbau_01-300x169.jpg 300w, https:\/\/xn--freilichtbhne-hannmnden-lpcj.de\/wp-content\/uploads\/2019\/11\/Aufbau_01-768x432.jpg 768w\" sizes=\"auto, (max-width: 767px) 89vw, (max-width: 1000px) 54vw, (max-width: 1071px) 543px, 580px\" \/><\/figure>\n\n\n\n<figure class=\"wp-block-image\"><img loading=\"lazy\" decoding=\"async\" width=\"1024\" height=\"576\" src=\"https:\/\/xn--freilichtbhne-hannmnden-lpcj.de\/wp-content\/uploads\/2019\/11\/Aufbau_02-1024x576.jpg\" alt=\"\" class=\"wp-image-436\" srcset=\"https:\/\/xn--freilichtbhne-hannmnden-lpcj.de\/wp-content\/uploads\/2019\/11\/Aufbau_02-1024x576.jpg 1024w, https:\/\/xn--freilichtbhne-hannmnden-lpcj.de\/wp-content\/uploads\/2019\/11\/Aufbau_02-300x169.jpg 300w, https:\/\/xn--freilichtbhne-hannmnden-lpcj.de\/wp-content\/uploads\/2019\/11\/Aufbau_02-768x432.jpg 768w\" sizes=\"auto, (max-width: 767px) 89vw, (max-width: 1000px) 54vw, (max-width: 1071px) 543px, 580px\" \/><figcaption class=\"wp-element-caption\">??????????????<\/figcaption><\/figure>\n\n\n\n<figure class=\"wp-block-image\"><img loading=\"lazy\" decoding=\"async\" width=\"1024\" height=\"576\" src=\"https:\/\/xn--freilichtbhne-hannmnden-lpcj.de\/wp-content\/uploads\/2019\/11\/Aufbau_03-1024x576.jpg\" alt=\"\" class=\"wp-image-437\" srcset=\"https:\/\/xn--freilichtbhne-hannmnden-lpcj.de\/wp-content\/uploads\/2019\/11\/Aufbau_03-1024x576.jpg 1024w, https:\/\/xn--freilichtbhne-hannmnden-lpcj.de\/wp-content\/uploads\/2019\/11\/Aufbau_03-300x169.jpg 300w, https:\/\/xn--freilichtbhne-hannmnden-lpcj.de\/wp-content\/uploads\/2019\/11\/Aufbau_03-768x432.jpg 768w\" sizes=\"auto, (max-width: 767px) 89vw, (max-width: 1000px) 54vw, (max-width: 1071px) 543px, 580px\" \/><\/figure>\n\n\n\n<figure class=\"wp-block-image\"><img loading=\"lazy\" decoding=\"async\" width=\"1024\" height=\"576\" src=\"https:\/\/xn--freilichtbhne-hannmnden-lpcj.de\/wp-content\/uploads\/2019\/11\/Aufbau_04-1024x576.jpg\" alt=\"\" class=\"wp-image-438\" srcset=\"https:\/\/xn--freilichtbhne-hannmnden-lpcj.de\/wp-content\/uploads\/2019\/11\/Aufbau_04-1024x576.jpg 1024w, https:\/\/xn--freilichtbhne-hannmnden-lpcj.de\/wp-content\/uploads\/2019\/11\/Aufbau_04-300x169.jpg 300w, https:\/\/xn--freilichtbhne-hannmnden-lpcj.de\/wp-content\/uploads\/2019\/11\/Aufbau_04-768x432.jpg 768w\" sizes=\"auto, (max-width: 767px) 89vw, (max-width: 1000px) 54vw, (max-width: 1071px) 543px, 580px\" \/><\/figure>\n\n\n\n<p class=\"has-very-light-gray-background-color has-background\">Und dann kam das Jahr&nbsp;<strong>2012<\/strong>&nbsp;mit erneutem Vandalismus, Zerst\u00f6rung des von der Firma Kirchner zur Verf\u00fcgung gestellten Bau-Stromkasten, der B\u00e4nke und Mauern. Das konnte von den Mitgliedern der Spielb\u00fchne nicht mehr gestemmt werden, zu viel Frust hatte sich angesammelt und finanziell war nichts mehr m\u00f6glich. Wir lebten nur von einer Veranstaltung zur n\u00e4chsten, da gab es keine R\u00fccklagen. Hilfe kam dann aber von der evangelisch-reformierten Gemeinde und vom B\u00fcrgerforum Hann.M\u00fcnden, die den Vorschlag machten, einen F\u00f6rderverein zu Gunsten der Freilichtb\u00fchne ins Leben zu rufen und um Spenden zu bitten. Zum \u201eGrundstock\u201c des F\u00f6rdervereins geh\u00f6ren die ev.ref. Gemeinde Hann.M\u00fcnden, das B\u00fcrgerforum Hann.M\u00fcnden und die Spielb\u00fchne Hann.M\u00fcnden.<br>Durch diese Verst\u00e4rkung ist es gelungen, die Freilichtb\u00fchne wieder zubespielen und es ist sch\u00f6n, dass von Jahr zu Jahr mehr Vielfalt auf der B\u00fchneangeboten wird.<\/p>\n\n\n\n<p class=\"has-very-light-gray-background-color has-background\"><br><strong>2011<\/strong>&nbsp;gab es, wie jedes Jahr, den Gottesdienst am Himmelfahrtstag der ev.ref.Gemeinde, Rock im Wald und ein weiteres Konzert der Gruppe \u201eFive Point Station\u201c&nbsp;<\/p>\n\n\n\n<p class=\"has-very-light-gray-background-color has-background\"><br><strong>2010<\/strong>&nbsp;startete mit dem mittlerweile j\u00e4hrlich stattfindenden Himmelfahrts-Gottesdienst. Sp\u00e4ter dann Rock im Wald und Benefiz-Konzerte desDuo \u201eAusZeit\u201c und \u201eFive Point Station\u201c.<\/p>\n\n\n\n<p class=\"has-very-light-gray-background-color has-background\">Und weiter ging es&nbsp;<strong>2009<\/strong>&nbsp;mit dem Himmelfahrts-Gottesdienst, einer Taufe, Rock im Wald, Waldzauber der Freiburger Theatergruppe RAB, der M\u00fcndener Band \u201eFive Point Station\u201c und erneutem Vandalismus. Die Sch\u00e4den wurden durch Mitarbeiter des Projekts \u201eALSO\u201c beseitigt.<\/p>\n\n\n\n<p class=\"has-very-light-gray-background-color has-background\"><strong>2008<\/strong>&nbsp;ging es weiter mit Gottesdienst zu Himmelfahrt, Rock im Wald, Tag der Ch\u00f6re und jeder Menge mutwilliger Zerst\u00f6rung an B\u00e4nken und der am Weg stehenden Hinweistafel. Diese wurde dankenswerter Weise von Sch\u00fclern der BBS M\u00fcnden erneuert.<\/p>\n\n\n\n<p class=\"has-very-light-gray-background-color has-background\"><strong>2007<\/strong>&nbsp;gab es neben Rock im Wald, den Tag der Ch\u00f6re, auch Kino auf der Freilichtb\u00fchne, eine brasilianische Nacht, das Ensemble Ristretto und wieder einen Weihnachtsmarkt.<\/p>\n\n\n\n<p class=\"has-very-light-gray-background-color has-background\">Der Spielbetrieb wurde&nbsp;<strong>2006<\/strong>&nbsp;aufgenommen mit einem Himmelfahrts-Gottesdienst der reformierten Gemeinde, Rock im Wald, Tag der Ch\u00f6re, und einem Weihnachtsmarkt.<\/p>\n\n\n\n<p class=\"has-very-light-gray-background-color has-background\"><br><strong>2005<\/strong>&nbsp;wurde die B\u00fchne ges\u00e4ubert und bespielbar gemacht, m\u00f6glich wurde dieses durch Sponsoren, die uns dabei geholfen haben.&nbsp;<br>Eine Abschlussveranstaltung gab es am 20. August 2005<\/p>\n","protected":false},"excerpt":{"rendered":"<p>Meilensteine seit der Wiederbelebung Weitere Verbesserungen sind bereits in Planung!Das Freilichtb\u00fchnen-Team Im Herbst 2020 wurde der Trib\u00fcnenrang ausgebaut Im Fr\u00fchjahr&nbsp;2019&nbsp;wurde dann noch eine neue, gr\u00f6\u00dfere Ausschankh\u00fctte aufgebaut.&nbsp; Im Jahr 2018 konnten wir Dank einiger neu in den Verein eingetretenen, tatkr\u00e4ftiger Vereinsmitglieder dann alle kaputten und fehlenden B\u00e4nke instand setzen und eine Beleuchtung der Zuschauertrib\u00fcnen und &hellip; <\/p>\n<p class=\"link-more\"><a href=\"https:\/\/xn--freilichtbhne-hannmnden-lpcj.de\/?page_id=53\" class=\"more-link\"><span class=\"screen-reader-text\">\u201eMeilensteine seit der Wiederbelebung\u201c<\/span> weiterlesen<\/a><\/p>\n","protected":false},"author":1,"featured_media":0,"parent":0,"menu_order":0,"comment_status":"closed","ping_status":"closed","template":"","meta":{"footnotes":""},"class_list":["post-53","page","type-page","status-publish","hentry"],"_links":{"self":[{"href":"https:\/\/xn--freilichtbhne-hannmnden-lpcj.de\/index.php?rest_route=\/wp\/v2\/pages\/53","targetHints":{"allow":["GET"]}}],"collection":[{"href":"https:\/\/xn--freilichtbhne-hannmnden-lpcj.de\/index.php?rest_route=\/wp\/v2\/pages"}],"about":[{"href":"https:\/\/xn--freilichtbhne-hannmnden-lpcj.de\/index.php?rest_route=\/wp\/v2\/types\/page"}],"author":[{"embeddable":true,"href":"https:\/\/xn--freilichtbhne-hannmnden-lpcj.de\/index.php?rest_route=\/wp\/v2\/users\/1"}],"replies":[{"embeddable":true,"href":"https:\/\/xn--freilichtbhne-hannmnden-lpcj.de\/index.php?rest_route=%2Fwp%2Fv2%2Fcomments&post=53"}],"version-history":[{"count":13,"href":"https:\/\/xn--freilichtbhne-hannmnden-lpcj.de\/index.php?rest_route=\/wp\/v2\/pages\/53\/revisions"}],"predecessor-version":[{"id":1759,"href":"https:\/\/xn--freilichtbhne-hannmnden-lpcj.de\/index.php?rest_route=\/wp\/v2\/pages\/53\/revisions\/1759"}],"wp:attachment":[{"href":"https:\/\/xn--freilichtbhne-hannmnden-lpcj.de\/index.php?rest_route=%2Fwp%2Fv2%2Fmedia&parent=53"}],"curies":[{"name":"wp","href":"https:\/\/api.w.org\/{rel}","templated":true}]}}